49270*x - 986270. Calculate m(-20).
-70
Let m(b) = -13740*b + 261055. Give m(19).
-5
Let h(o) = -4*o**3 + 14*o**2 + 498*o + 1629. Determine h(-6).
9
Let j(r) = -r**3 + 24*r**2 - 1887*r + 54680. Give j(28).
-1292
Let u(y) = -7044*y + 20144. What is u(3)?
-988
Let l(v) = v**3 - 12*v**2 - 17*v + 267. Calculate l(5).
7
Let t(h) = 31*h**2 - 6045*h + 17. Calculate t(195).
17
Let r(h) = 2683*h - 209270. Determine r(78).
4
Let i(m) = -m**3 - 38*m**2 + 1011*m - 24. Calculate i(18).
30
Let f(n) = 5*n**2 - n - 2109. Give f(24).
747
Let z(t) = -13*t**3 - 5762*t**2 - 1335*t - 2725. Give z(-443).
-67
Let i(d) = 23*d - 5788. Determine i(252).
8
Let g(q) = -q**2 - 43*q - 214. What is g(-38)?
-24
Let n(q) = 213*q + 159761. Give n(-749).
224
Let a(f) = f**2 + 150*f - 142372. Determine a(309).
-541
Let j(m) = -18*m**3 + 2*m**2 - 159*m - 439. Give j(-3).
542
Let a(t) = t**3 - 9*t**2 - 370*t + 342. What is a(24)?
102
Let m(x) = 8*x**3 + 1998*x**2 - 501*x - 250. Give m(-250).
0
Let d(n) = 3*n**2 + 7771*n + 124162. Determine d(-16).
594
Let q(a) = -a**3 + 56*a**2 - 211*a - 4470. Calculate q(50).
-20
Let q(z) = z**3 - 159*z**2 - 2068*z + 2738. Calculate q(171).
2
Let g(r) = -15676*r - 28326539. What is g(-1807)?
-7
Let m(z) = -182*z**2 + 354*z + 1494. Give m(4).
-2
Let i(l) = 8895*l - 2712970. Calculate i(305).
5
Let w(b) = 985*b + 52236. Calculate w(-53).
31
Let q(u) = -156*u - 2402. What is q(-19)?
562
Let j(k) = 113288*k + 2718900. Determine j(-24).
-12
Let q(r) = -4606*r + 41376. Give q(9).
-78
Let r(o) = -38*o**3 + 1141*o**2 - 27*o - 3. Give r(30).
87
Let l(d) = -411*d**2 + 11098*d - 15. What is l(27)?
12
Let z(r) = r**3 - 147*r**2 - 306*r + 23383. Calculate z(148).
-1
Let s(z) = -2*z**3 + 402*z**2 + 814*z - 411. Calculate s(203).
-5
Let l(m) = m**3 - 67*m**2 + 1044*m - 75619. Calculate l(68).
-3
Let u(y) = -8321*y + 24451. What is u(3)?
-512
Let j(s) = 150138*s - 600558. Calculate j(4).
-6
Let p(k) = -4*k**3 - 301*k**2 - 72*k + 243. Give p(-75).
18
Let n(h) = 3*h**3 - 49*h**2 + 15*h - 43. Give n(16).
-59
Let y(l) = -220*l - 3017. Calculate y(-14).
63
Let s(h) = 100*h**2 + 9788*h - 9788. What is s(1)?
100
Let b(w) = -3134*w - 187973. What is b(-60)?
67
Let d(n) = -26*n - 1210. What is d(-14)?
-846
Let z(w) = -55007*w + 2640331. Give z(48).
-5
Let t(d) = -d**3 - 71*d**2 - 444*d - 16311. What is t(-68)?
9
Let x(c) = -c**3 - 274*c**2 - 547*c - 241. Determine x(-272).
575
Let i(r) = r**3 + 6*r**2 - 301*r - 115. Give i(15).
95
Let j(b) = -b**2 - 1373*b - 16235. Give j(-12).
97
Let x(l) = -639395*l - 23018218. Calculate x(-36).
2
Let s(o) = 160979*o + 965904. Give s(-6).
30
Let d(u) = -8480*u + 161129. Determine d(19).
9
Let v(y) = 296*y**2 + 274*y + 2. Determine v(-1).
24
Let y(j) = 7*j**3 - 209*j**2 - 19*j - 296. Determine y(30).
34
Let u(w) = 11891*w + 23798. Determine u(-2).
16
Let p(z) = 339*z**3 - 7*z**2 + 6*z - 4. Calculate p(0).
-4
Let t(w) = 3*w**2 + 645*w - 3858. Calculate t(6).
120
Let c(j) = 141*j - 9796. What is c(68)?
-208
Let t(y) = 148*y + 8049. What is t(-30)?
3609
Let k(x) = 7659*x - 11679951. Determine k(1525).
24
Let c(f) = f**2 + 55732*f + 501497. Give c(-9).
-10
Let z(q) = q**2 - 13953*q + 605. Give z(0).
605
Let f(h) = -h**3 - 2782*h**2 - 867780*h + 4290. Determine f(-358).
-6
Let l(f) = 82*f**3 + 14*f**2 + 6*f + 6. Determine l(-2).
-606
Let w(h) = -205*h + 10242. Calculate w(51).
-213
Let c(s) = 21*s**2 - 179*s - 739. What is c(-4)?
313
Let t(o) = -o**3 - o**2 + 120*o - 1318. What is t(0)?
-1318
Let r(q) = 19266*q - 732079. Determine r(38).
29
Let m(p) = -4*p**3 + 102*p**2 - 668*p + 9. Give m(7).
-1041
Let n(q) = -99*q**2 + 1783*q - 22. Calculate n(18).
-4
Let o(t) = -198*t - 2571. Give o(-13).
3
Let u(p) = -p**2 - 428*p - 42869. Give u(-268).
11
Let f(h) = 2*h**3 - 839*h**2 - 10800*h - 4. Calculate f(432).
-4
Let v(h) = -h**2 + 539*h + 193589. What is v(-246)?
479
Let y(c) = -198*c - 40180. Determine y(-203).
14
Let v(f) = 10*f**2 - 799*f + 1597. What is v(2)?
39
Let z(d) = 2*d**3 + 287*d**2 - 2145*d + 222. What is z(7)?
-44
Let h(z) = -315*z + 38423. Calculate h(127).
-1582
Let l(v) = 392*v + 86616. Calculate l(-221).
-16
Let c(s) = 99*s**2 - 3572*s + 25955. Calculate c(26).
7
Let m(b) = 2*b**3 + 193*b**2 + 512*b + 39945. Determine m(-96).
9
Let l(p) = 293*p**2 + 1648*p - 5571. Give l(-8).
-3
Let v(j) = -j**3 + 56*j**2 + 541*j - 10470. Give v(62).
8
Let l(k) = 1030*k + 3252. What is l(-3)?
162
Let l(y) = 5*y**3 - 248*y**2 + 232*y - 4189. Calculate l(49).
-24
Let u(n) = -2270*n + 694614. Calculate u(306).
-6
Let w(t) = t**2 + 580*t - 180369. Determine w(224).
-273
Let d(r) = r**2 - 7268*r - 424902. Give d(-58).
6
Let s(p) = 2*p**3 + 6*p**2 + 93*p - 578. Calculate s(7).
1053
Let d(g) = -g**3 - 8*g**2 + 81*g - 110. Give d(-14).
-68
Let t(k) = -24178*k + 362354. Calculate t(15).
-316
Let u(q) = -3*q**3 + 122*q**2 - 1201*q + 35. Give u(24).
11
Let q(w) = 14*w**2 - 266*w - 191. What is q(20)?
89
Let w(z) = -13*z**2 + 34*z + 146. Determine w(12).
-1318
Let u(d) = -d**3 + 5*d**2 - 3812*d + 15232. What is u(4)?
0
Let x(u) = -u**3 - 94*u**2 + 961*u + 3600. Calculate x(12).
-132
Let r(z) = 1246*z + 14972. What is r(-12)?
20
Let o(h) = -h**2 - 67*h + 1740. Give o(-95).
-920
Let l(i) = -i**3 - 66*i**2 - 1085*i - 93. Give l(-32).
-189
Let h(d) = 146*d**2 + 31*d - 5. Calculate h(4).
2455
Let g(n) = -n**3 - 19*n**2 + 302*n + 325. Give g(11).
17
Let r(x) = x**3 - 65*x**2 - 18927*x + 4247. Determine r(-109).
-4
Let g(b) = 2*b**3 + 742*b**2 + b + 336. Calculate g(-371).
-35
Let d(y) = -222*y**2 + 108*y + 322. Give d(-3).
-2000
Let l(v) = -2*v**3 - 11*v**2 - 81*v - 331. Give l(-5).
49
Let d(n) = -84*n**2 - 15457*n - 66. What is d(-184)?
118
Let w(b) = 27*b**3 + 4*b**2 - 6*b + 20. Calculate w(4).
1788
Let d(w) = w**3 + 86*w**2 - 182*w + 31. Calculate d(-88).
559
Let z(s) = -5454*s + 190892. What is z(35)?
2
Let c(u) = -u**3 - 32*u**2 + 1440*u - 378. Determine c(25).
-3
Let q(z) = z**3 - 187*z**2 + 3751*z + 590. Give q(23).
107
Let g(k) = 5742*k - 3169592. Determine g(552).
-8
Let p(k) = -k**2 - 266*k - 8553. Calculate p(-36).
-273
Let o(g) = 377*g + 65250. Calculate o(-173).
29
Let d(n) = 3*n**3 - 1398*n**2 + 8*n - 3723. What is d(466)?
5
Let j(a) = a**3 - 11*a**2 + 2*a - 15. Give j(0).
-15
Let b(v) = -7726*v - 46350. What is b(-6)?
6
Let c(a) = 2*a**3 - 20*a**2 + 170*a - 200. What is c(5)?
400
Let w(r) = 2*r**3 + 130*r**2 + 335*r - 695. Calculate w(-4).
-83
Let s(r) = r**3 - 72*r + 24. What is s(9)?
105
Let c(i) = 105919*i + 529413. Determine c(-5).
-182
Let j(v) = 432*v**3 - v**2 - 12*v + 14. Give j(1).
433
Let w(t) = -2*t**3 + 100*t**2 - 333*t + 2367. What is w(47)?
-30
Let o(l) = -7565*l**2 - 30264*l - 3. Give o(-4).
13
Let i(o) = -o**3 + 145*o**2 - 2960*o + 175. Determine i(120).
4975
Let h(k) = 399*k + 13606. Determine h(-45).
-4349
Let v(q) = 1796*q + 50293. Determine v(-28).
5
Let b(s) = -104173*s - 4271038. Determine b(-41).
55
Let t(c) = 3*c**2 + 47*c - 464. What is t(12)?
532
Let y(n) = 3212*n**2 + 48163*n - 52. Give y(-15).
203
Let b(a) = 157*a**2 + 648*a + 83. Calculate b(-4).
3
Let x(s) = 7365*s - 22019. Give x(3).
76
Let k(n) = -4*n**2 - 376*n - 5573. Give k(-42).
3163
Let o(z) = -82074*z**2 - 246211*z + 37. Determine o(-3).
4
Let f(l) = 25137*l + 1281989. Give f(-51).
2
Let v(w) = -w**3 - 13*w**2 - 24*w - 22. Give v(-5).
-102
Let d(t) = -667*t + 28593. Calculate d(43).
-88
Let l(u) = 680*u + 22154. Give l(-32).
394
Let p(c) = -1367*c + 39632. Calculate p(29).
-11
Let o(h) = 2*h**3 - 34*h**2 - 49*h - 479. Calculate o(19).
34
Let l(d) = 2*d**2 + 154*d + 734. Determine l(-65).
-826
Let t(y) = -619*y**3 - 12*y - 12. Determine t(-1).
619
Let f(p) = -2802*p + 41112. Determine f(15).
-918
Let f(i) = -i**2 - 1867*i - 353771. Calculate f(-214).
-29
Let n(y) = -y**3 + 179*y**2 - 190*y + 891. What is n(178)?
-1245
Let c(f) = 2483*f**3 - 54*f**2 + 97*f - 43. Calculate c(1).
2483
Let x(r) = -986*r + 1135. Determine x(2).
-837
Let m(h) = -h**2 + 119*h + 83129. Give m(-235).
-61
Let s(z) = -13019*z - 195301. What is s(-15)?
-16
Let j(k) = 8*k**3 + 5*k**2 + 15*k + 2. Determine j(0).
2
Let b(v) = -2*v**3 + 5*v**2 - 35*v + 65. Determine b(0).
65
Let d(s) = -45611*s - 136825. Determine d(-3).
8
Let h(n) = -37236*n - 1452203. Calculate h(-39).
1
Let u(b) = -2315